{"id":470,"date":"2020-09-01T16:08:11","date_gmt":"2020-09-01T16:08:11","guid":{"rendered":"https:\/\/www.implantdentalbadalona.com\/?page_id=470"},"modified":"2023-08-02T14:22:27","modified_gmt":"2023-08-02T14:22:27","slug":"politica-de-privacitat","status":"publish","type":"page","link":"https:\/\/www.implantdentalbadalona.com\/ca\/politica-de-privacitat\/","title":{"rendered":"Pol\u00edtica de privacitat"},"content":{"rendered":"\t\t<div data-elementor-type=\"wp-page\" data-elementor-id=\"470\" class=\"elementor elementor-470 elementor-3\" data-elementor-post-type=\"page\">\n\t\t\t\t\t\t<section class=\"elementor-section elementor-top-section elementor-element elementor-element-260a80c elementor-section-boxed elementor-section-height-default elementor-section-height-default\" data-id=\"260a80c\" data-element_type=\"section\">\n\t\t\t\t\t\t<div class=\"elementor-container elementor-column-gap-default\">\n\t\t\t\t\t<div class=\"elementor-column elementor-col-100 elementor-top-column elementor-element elementor-element-175d1ec\" data-id=\"175d1ec\" data-element_type=\"column\">\n\t\t\t<div class=\"elementor-widget-wrap elementor-element-populated\">\n\t\t\t\t\t\t<div class=\"elementor-element elementor-element-ff4b819 elementor-widget elementor-widget-heading\" data-id=\"ff4b819\" data-element_type=\"widget\" data-widget_type=\"heading.default\">\n\t\t\t\t<div class=\"elementor-widget-container\">\n\t\t\t<h2 class=\"elementor-heading-title elementor-size-default\">Pol\u00edtica de privacitat<\/h2>\t\t<\/div>\n\t\t\t\t<\/div>\n\t\t\t\t<div class=\"elementor-element elementor-element-81b17a6 elementor-widget elementor-widget-text-editor\" data-id=\"81b17a6\" data-element_type=\"widget\" data-widget_type=\"text-editor.default\">\n\t\t\t\t<div class=\"elementor-widget-container\">\n\t\t\t\t\t\t\t<ol>\n<li><strong>INFORMACI\u00d3 PER A L\u2019USUARI<\/strong><\/li>\n<\/ol>\n<p><span style=\"color: #3366ff;\"><strong>Qui \u00e9s el responsable del tractament de les teves dades personals?<\/strong><\/span><\/p>\n<p><strong>\u00a0<\/strong><strong>RAUL AYUSO MONTERO <\/strong>\u00e9s el RESPONSABLE del tractament de les dades personals de l\u2019USUARI i l\u2019informa que aquestes dades es tractaran de conformitat amb el que disposa el Reglament (UE) 2016\/679, de 27 d\u2019abril (GDPR), i la Llei Org\u00e0nica 3\/2018, de 5 de desembre (LOPDGDD).<\/p>\n<p><span style=\"color: #3366ff;\"><strong>Perqu\u00e8 tractem les teves dades personals?<\/strong><\/span><\/p>\n<p><strong>\u00a0<\/strong>Per mantenir una relaci\u00f3 comercial amb l\u2019usuari. Les operacions previstes per fer el tractament s\u00f3n:<\/p>\n<ul>\n<li>Remesa de comunicacions comercials publicit\u00e0ries per e-mail, fax, SMS, MMS, xarxes socials o qualsevol altre mitj\u00e0 electr\u00f2nic o f\u00edsic, present o futur, que permeti efectuar comunicacions comercials. Aquestes comunicacions s\u2019han de fer per mitj\u00e0 del RESPONSABLE i estan relacionades amb els seus productes i serveis, o amb els seus col\u00b7laboradors o prove\u00efdors, amb els quals hagi arribat a algun acord de promoci\u00f3. En aquest cas, els tercers no tindran mai acc\u00e9s a les dades personals.<\/li>\n<li>Efectuar estudis de mercat i an\u00e0lisis estad\u00edstiques.<\/li>\n<li>Tramitar enc\u00e0rrecs de peticions, donar resposta a les consultes o qualsevol tipus de petici\u00f3 que faci l\u2019USUARI a trav\u00e9s de qualsevol de les formes de contacte que es posen a la seva disposici\u00f3 a la p\u00e0gina web del RESPONSABLE.<\/li>\n<li>Enviar el butllet\u00ed informatiu online, sobre novetats, ofertes i promocions en la nostra activitat<strong>.<\/strong><\/li>\n<\/ul>\n<p><span style=\"color: #3366ff;\"><strong>Per quin motiu podem tractar les teves dades personals?<\/strong><\/span><strong>\u00a0<\/strong><\/p>\n<p>Perqu\u00e8 el tractament est\u00e0 legitimat per l\u2019article 6 del GDPR de la seg\u00fcent manera:<\/p>\n<ul>\n<li>Amb el consentiment de l\u2019USUARI: enviament de comunicacions comercials i del butllet\u00ed informatiu.<\/li>\n<li>Per inter\u00e8s leg\u00edtim del RESPONSABLE: efectuar estudis de mercat, an\u00e0lisis estad\u00edstiques, etc. i tramitar enc\u00e0rrecs, sol\u00b7licituds, etc. a petici\u00f3 de l\u2019USUARI.<\/li>\n<\/ul>\n<p><span style=\"color: #3366ff;\"><strong>Durant quant de temps guardarem les teves dades personals?<\/strong><\/span><\/p>\n<p><strong>\u00a0<\/strong>Es conservaran durant no m\u00e9s temps del necessari per mantenir la finalitat del tractament o mentre hi hagi prescripcions legals que en dictaminin la cust\u00f2dia i quan ja no sigui necessari per a aix\u00f2, se suprimiran amb mesures de seguretat adequades per garantir l\u2019anonimitzaci\u00f3 de les dades o la seva destrucci\u00f3 total.<\/p>\n<p><span style=\"color: #3366ff;\"><strong>A qui facilitem les teves dades personals?<\/strong><\/span><\/p>\n<p><strong>\u00a0<\/strong>No est\u00e0 prevista cap comunicaci\u00f3 de dades personals a tercers excepte, si fos necessari per al desenvolupament i execuci\u00f3 de les finalitats del tractament, als nostres prove\u00efdors de serveis relacionats amb comunicacions, amb els quals el RESPONSABLE ha formalitzat els contractes de confidencialitat i d\u2019encarregat de tractament exigits per la normativa vigent de privacitat.<\/p>\n<p><span style=\"color: #3366ff;\"><strong>Quins s\u00f3n els teus drets?<\/strong><\/span><\/p>\n<p>Els drets que t\u00e9 l\u2019USUARI s\u00f3n:<\/p>\n<ul>\n<li>Dret a retirar el consentiment en qualsevol moment.<\/li>\n<li>Dret d\u2019acc\u00e9s, rectificaci\u00f3, portabilitat i supressi\u00f3 de les seves dades i de limitaci\u00f3 o oposici\u00f3 al seu tractament.<\/li>\n<li>Dret a presentar una reclamaci\u00f3 davant l\u2019autoritat de control (www.aepd.es) si considera que el tractament no s\u2019ajusta a la normativa vigent.<\/li>\n<\/ul>\n<p><strong>Dades de contacte per exercir els seus drets<\/strong>:<\/p>\n<p>RAUL AYUSO MONTERO. Pla\u00e7a Trafalgar, 27 Entres\u00f2l 1 &#8211; 08913 Badalona (Barcelona). E-mail: <a href=\"mailto:info@implantdentalbadalona.com\">info@implantdentalbadalona.com<\/a><\/p>\n<h4><strong>2.\u00a0 CAR\u00c0CTER OBLIGATORI O FACULTATIU DE LA INFORMACI\u00d3 FACILITADA PER L\u2019USUARI<\/strong><\/h4>\n<p>Els USUARIS, per mitj\u00e0 de les caselles corresponents i la introducci\u00f3 de dades en els camps, marcats amb l\u2019asterisc (*) en el formulari de contacte o presentats en formularis de desc\u00e0rrega, accepten expressament i de manera lliure i inequ\u00edvoca, que les seves dades s\u00f3n necess\u00e0ries per a l\u2019atenci\u00f3 de la seva petici\u00f3, per part del prestador, i que per tant la inclusi\u00f3 de les dades en els camps restants \u00e9s volunt\u00e0ria. L\u2019USUARI garanteix que les dades personals facilitades al RESPONSABLE s\u00f3n ver\u00eddiques i es fa responsable de comunicar-ne qualsevol modificaci\u00f3.<\/p>\n<p>El RESPONSABLE informa que totes les dades sol\u00b7licitades a trav\u00e9s del lloc web s\u00f3n obligat\u00f2ries, ja que s\u00f3n necess\u00e0ries per a la prestaci\u00f3 d\u2019un servei \u00f2ptim a l\u2019USUARI. En cas que no es facilitin totes les dades, no es garanteix que la informaci\u00f3 i serveis facilitats s\u2019ajustin completament a les seves necessitats.<\/p>\n<h4><strong>3.\u00a0 MESURES DE SEGURETAT<\/strong><\/h4>\n<p>Que, de conformitat amb el que estableixen les normatives vigents en protecci\u00f3 de dades personals, el RESPONSABLE est\u00e0 complint amb totes les disposicions de les normatives GDPR i LOPDGDD per al tractament de les dades personals de la seva responsabilitat, i manifestament amb els principis descrits a l\u2019article 5 del GDPR, pels quals es tracten de manera l\u00edcita, lleial i transparent en relaci\u00f3 amb l\u2019interessat i adequades, pertinents i limitades al que \u00e9s necessari en relaci\u00f3 amb les finalitats per a les quals es tracten.<\/p>\n<p>El RESPONSABLE garanteix que ha implementat pol\u00edtiques t\u00e8cniques i organitzatives apropiades per aplicar les mesures de seguretat que estableixen el GDPR i la LOPDGDD per tal de protegir els drets i llibertats dels USUARIS i els ha comunicat la informaci\u00f3 adequada perqu\u00e8 puguin exercir-los.<\/p>\n<p>Per a m\u00e9s informaci\u00f3 sobre les garanties de privacitat, pots dirigir-te al RESPONSABLE a trav\u00e9s de RAUL AYUSO MONTERO. Pla\u00e7a Trafalgar, 27 Entres\u00f2l 1 &#8211; 08913 Badalona (Barcelona). E-mail: <a href=\"mailto:info@implantdentalbadalona.com\">info@implantdentalbadalona.com<\/a><\/p>\n\t\t\t\t\t\t<\/div>\n\t\t\t\t<\/div>\n\t\t\t\t\t<\/div>\n\t\t<\/div>\n\t\t\t\t\t<\/div>\n\t\t<\/section>\n\t\t\t\t<\/div>\n\t\t","protected":false},"excerpt":{"rendered":"<p>Pol\u00edtica de privacitat INFORMACI\u00d3 PER A L\u2019USUARI Qui \u00e9s el responsable del tractament de les teves dades personals? \u00a0RAUL AYUSO MONTERO \u00e9s el RESPONSABLE del tractament de les dades personals de l\u2019USUARI i l\u2019informa que aquestes dades es tractaran de conformitat amb el que disposa el Reglament (UE) 2016\/679, de 27 d\u2019abril (GDPR), i la &#8230; <a title=\"Pol\u00edtica de privacitat\" class=\"read-more\" href=\"https:\/\/www.implantdentalbadalona.com\/ca\/politica-de-privacitat\/\" aria-label=\"M\u00e9s informaci\u00f3 sobre Pol\u00edtica de privacitat\">Read more<\/a><\/p>\n","protected":false},"author":1,"featured_media":0,"parent":0,"menu_order":0,"comment_status":"closed","ping_status":"open","template":"","meta":{"_seopress_robots_primary_cat":"","_seopress_titles_title":"","_seopress_titles_desc":"","_seopress_robots_index":"yes","footnotes":""},"class_list":["post-470","page","type-page","status-publish"],"_links":{"self":[{"href":"https:\/\/www.implantdentalbadalona.com\/ca\/wp-json\/wp\/v2\/pages\/470"}],"collection":[{"href":"https:\/\/www.implantdentalbadalona.com\/ca\/wp-json\/wp\/v2\/pages"}],"about":[{"href":"https:\/\/www.implantdentalbadalona.com\/ca\/wp-json\/wp\/v2\/types\/page"}],"author":[{"embeddable":true,"href":"https:\/\/www.implantdentalbadalona.com\/ca\/wp-json\/wp\/v2\/users\/1"}],"replies":[{"embeddable":true,"href":"https:\/\/www.implantdentalbadalona.com\/ca\/wp-json\/wp\/v2\/comments?post=470"}],"version-history":[{"count":2,"href":"https:\/\/www.implantdentalbadalona.com\/ca\/wp-json\/wp\/v2\/pages\/470\/revisions"}],"predecessor-version":[{"id":849,"href":"https:\/\/www.implantdentalbadalona.com\/ca\/wp-json\/wp\/v2\/pages\/470\/revisions\/849"}],"wp:attachment":[{"href":"https:\/\/www.implantdentalbadalona.com\/ca\/wp-json\/wp\/v2\/media?parent=470"}],"curies":[{"name":"wp","href":"https:\/\/api.w.org\/{rel}","templated":true}]}}

Política de privacitat

<div data-elementor-type="wp-page" data-elementor-id="470" class="elementor elementor-470 elementor-3" data-elementor-post-type="page">
						<section class="elementor-section elementor-top-section elementor-element elementor-element-260a80c elementor-section-boxed elementor-section-height-default elementor-section-height-default" data-id="260a80c" data-element_type="section">
						<div class="elementor-container elementor-column-gap-default">
					<div class="elementor-column elementor-col-100 elementor-top-column elementor-element elementor-element-175d1ec" data-id="175d1ec" data-element_type="column">
			<div class="elementor-widget-wrap elementor-element-populated">
						<div class="elementor-element elementor-element-ff4b819 elementor-widget elementor-widget-heading" data-id="ff4b819" data-element_type="widget" data-widget_type="heading.default">
				<div class="elementor-widget-container">
			<h2 class="elementor-heading-title elementor-size-default">Política de privacitat</h2>		</div>
				</div>
				<div class="elementor-element elementor-element-81b17a6 elementor-widget elementor-widget-text-editor" data-id="81b17a6" data-element_type="widget" data-widget_type="text-editor.default">
				<div class="elementor-widget-container">
							<ol>
<li><strong>INFORMACIÓ PER A L’USUARI</strong></li>
</ol>
<p><span style="color: #3366ff;"><strong>Qui és el responsable del tractament de les teves dades personals?</strong></span></p>
<p><strong> </strong><strong>RAUL AYUSO MONTERO </strong>és el RESPONSABLE del tractament de les dades personals de l’USUARI i l’informa que aquestes dades es tractaran de conformitat amb el que disposa el Reglament (UE) 2016/679, de 27 d’abril (GDPR), i la Llei Orgànica 3/2018, de 5 de desembre (LOPDGDD).</p>
<p><span style="color: #3366ff;"><strong>Perquè tractem les teves dades personals?</strong></span></p>
<p><strong> </strong>Per mantenir una relació comercial amb l’usuari. Les operacions previstes per fer el tractament són:</p>
<ul>
<li>Remesa de comunicacions comercials publicitàries per e-mail, fax, SMS, MMS, xarxes socials o qualsevol altre mitjà electrònic o físic, present o futur, que permeti efectuar comunicacions comercials. Aquestes comunicacions s’han de fer per mitjà del RESPONSABLE i estan relacionades amb els seus productes i serveis, o amb els seus col·laboradors o proveïdors, amb els quals hagi arribat a algun acord de promoció. En aquest cas, els tercers no tindran mai accés a les dades personals.</li>
<li>Efectuar estudis de mercat i anàlisis estadístiques.</li>
<li>Tramitar encàrrecs de peticions, donar resposta a les consultes o qualsevol tipus de petició que faci l’USUARI a través de qualsevol de les formes de contacte que es posen a la seva disposició a la pàgina web del RESPONSABLE.</li>
<li>Enviar el butlletí informatiu online, sobre novetats, ofertes i promocions en la nostra activitat<strong>.</strong></li>
</ul>
<p><span style="color: #3366ff;"><strong>Per quin motiu podem tractar les teves dades personals?</strong></span><strong> </strong></p>
<p>Perquè el tractament està legitimat per l’article 6 del GDPR de la següent manera:</p>
<ul>
<li>Amb el consentiment de l’USUARI: enviament de comunicacions comercials i del butlletí informatiu.</li>
<li>Per interès legítim del RESPONSABLE: efectuar estudis de mercat, anàlisis estadístiques, etc. i tramitar encàrrecs, sol·licituds, etc. a petició de l’USUARI.</li>
</ul>
<p><span style="color: #3366ff;"><strong>Durant quant de temps guardarem les teves dades personals?</strong></span></p>
<p><strong> </strong>Es conservaran durant no més temps del necessari per mantenir la finalitat del tractament o mentre hi hagi prescripcions legals que en dictaminin la custòdia i quan ja no sigui necessari per a això, se suprimiran amb mesures de seguretat adequades per garantir l’anonimització de les dades o la seva destrucció total.</p>
<p><span style="color: #3366ff;"><strong>A qui facilitem les teves dades personals?</strong></span></p>
<p><strong> </strong>No està prevista cap comunicació de dades personals a tercers excepte, si fos necessari per al desenvolupament i execució de les finalitats del tractament, als nostres proveïdors de serveis relacionats amb comunicacions, amb els quals el RESPONSABLE ha formalitzat els contractes de confidencialitat i d’encarregat de tractament exigits per la normativa vigent de privacitat.</p>
<p><span style="color: #3366ff;"><strong>Quins són els teus drets?</strong></span></p>
<p>Els drets que té l’USUARI són:</p>
<ul>
<li>Dret a retirar el consentiment en qualsevol moment.</li>
<li>Dret d’accés, rectificació, portabilitat i supressió de les seves dades i de limitació o oposició al seu tractament.</li>
<li>Dret a presentar una reclamació davant l’autoritat de control (www.aepd.es) si considera que el tractament no s’ajusta a la normativa vigent.</li>
</ul>
<p><strong>Dades de contacte per exercir els seus drets</strong>:</p>
<p>RAUL AYUSO MONTERO. Plaça Trafalgar, 27 Entresòl 1 &#8211; 08913 Badalona (Barcelona). E-mail: <a href="mailto:info@implantdentalbadalona.com">info@implantdentalbadalona.com</a></p>
<h4><strong>2.  CARÀCTER OBLIGATORI O FACULTATIU DE LA INFORMACIÓ FACILITADA PER L’USUARI</strong></h4>
<p>Els USUARIS, per mitjà de les caselles corresponents i la introducció de dades en els camps, marcats amb l’asterisc (*) en el formulari de contacte o presentats en formularis de descàrrega, accepten expressament i de manera lliure i inequívoca, que les seves dades són necessàries per a l’atenció de la seva petició, per part del prestador, i que per tant la inclusió de les dades en els camps restants és voluntària. L’USUARI garanteix que les dades personals facilitades al RESPONSABLE són verídiques i es fa responsable de comunicar-ne qualsevol modificació.</p>
<p>El RESPONSABLE informa que totes les dades sol·licitades a través del lloc web són obligatòries, ja que són necessàries per a la prestació d’un servei òptim a l’USUARI. En cas que no es facilitin totes les dades, no es garanteix que la informació i serveis facilitats s’ajustin completament a les seves necessitats.</p>
<h4><strong>3.  MESURES DE SEGURETAT</strong></h4>
<p>Que, de conformitat amb el que estableixen les normatives vigents en protecció de dades personals, el RESPONSABLE està complint amb totes les disposicions de les normatives GDPR i LOPDGDD per al tractament de les dades personals de la seva responsabilitat, i manifestament amb els principis descrits a l’article 5 del GDPR, pels quals es tracten de manera lícita, lleial i transparent en relació amb l’interessat i adequades, pertinents i limitades al que és necessari en relació amb les finalitats per a les quals es tracten.</p>
<p>El RESPONSABLE garanteix que ha implementat polítiques tècniques i organitzatives apropiades per aplicar les mesures de seguretat que estableixen el GDPR i la LOPDGDD per tal de protegir els drets i llibertats dels USUARIS i els ha comunicat la informació adequada perquè puguin exercir-los.</p>
<p>Per a més informació sobre les garanties de privacitat, pots dirigir-te al RESPONSABLE a través de RAUL AYUSO MONTERO. Plaça Trafalgar, 27 Entresòl 1 &#8211; 08913 Badalona (Barcelona). E-mail: <a href="mailto:info@implantdentalbadalona.com">info@implantdentalbadalona.com</a></p>
						</div>
				</div>
					</div>
		</div>
					</div>
		</section>
				</div>

<p>Política de privacitat INFORMACIÓ PER A L’USUARI Qui és el responsable del tractament de les teves dades personals?  RAUL AYUSO MONTERO és el RESPONSABLE del tractament de les dades personals de l’USUARI i l’informa que aquestes dades es tractaran de conformitat amb el que disposa el Reglament (UE) 2016/679, de 27 d’abril (GDPR), i la &#8230; <a title="Política de privacitat" class="read-more" href="https://www.implantdentalbadalona.com/ca/politica-de-privacitat/" aria-label="Més informació sobre Política de privacitat">Read more</a></p>
